w(4). What is the greatest common factor of t and 4?
4
Let o = -10 + 14. Suppose m + 3*m - 3*t = 176, 3*m - o*t = 132. Calculate the highest common divisor of m and 4.
4
Let f(u) = -u**2 + 11*u - 9. Let b be f(10). Suppose b = -5*m + 11. Suppose -m = -5*d + 73. What is the highest common factor of 15 and d?
15
Suppose -7*j - 495 = -10*j. What is the greatest common factor of j and 33?
33
Suppose 2*i + 24 = -2*i. Let p(s) = -s**2 - 8*s. Let x be p(i). Calculate the highest common factor of x and 3.
3
Let a = 71 + -43. Let p = a - 12. Calculate the greatest common factor of 24 and p.
8
Suppose -4*y + 4 = -2*y. Suppose 30 = 4*i + y. Suppose -5*g - 4*j = -i*j - 82, -4*g + 52 = j. What is the greatest common factor of 2 and g?
2
Let d be 18/2*((-210)/18)/(-7). Let p be 4/(-14) - (-48)/21. Suppose p*g + 25 = 85. Calculate the highest common factor of g and d.
15
Suppose -14 = -2*r + 10. What is the highest common factor of 60 and r?
12
Suppose 0*z + 88 = z. Suppose 5*p + 19 = r, 3*r + 3 = p + 32. Let q = r - -2. Calculate the greatest common divisor of q and z.
11
Suppose 92 = 2*j + 32. Calculate the greatest common factor of j and 6.
6
Suppose 320 = 3*i + 2*i. Suppose -3*j + 20 = -4*y, -y + i = 7*j - 2*j. What is the highest common factor of 12 and j?
12
Suppose 0 = q + 5*h - 59, h - 139 = -3*q + 5*h. Let v be 3/15 - q/(-5). Let u be (0 - -1) + 0 - -89. Calculate the highest common factor of u and v.
10
Let q(p) = -p**3 - 4*p**2 + 5. Let l be q(-4). What is the highest common factor of l and 35?
5
Suppose -3*z + o = -55, 5*z - 2*z - 2*o = 50. Calculate the highest common factor of z and 140.
20
Suppose 0 = 3*r - r - 22. Let u = 15 - r. What is the highest common factor of u and 4?
4
Let p be (-2)/7 + (-33)/7. Let b = p - -1. Let f be 2/b*396/(-2). Calculate the greatest common divisor of f and 9.
9
Suppose 7 = -4*m + 43. Let b be 6/(-27) - (-92)/m. Let v be (-6)/(-2)*10/3. Calculate the greatest common factor of b and v.
10
Suppose -3*f = -5*f + 4. Let b(l) = l**2 + 2*l**2 - l - l**2 + 7*l**3. Let j be b(1). Calculate the greatest common factor of f and j.
2
Let x be (-4)/14 - 15174/(-42). Calculate the highest common factor of 19 and x.
19
Suppose -v = -q + 143, v = -2*q - 2 + 276. Let z = q + -284. Let d = 221 + z. What is the highest common divisor of 19 and d?
19
Let r = 7 - 9. Let q be (-24)/(-15)*(23 - r). Calculate the greatest common divisor of 100 and q.
20
Let q(h) = h**2 - h. Let a = 10 + -15. Let p be a*5/((-25)/(-3)). Let x be q(p). Calculate the greatest common factor of 4 and x.
4
Let x = -112 - -115. Calculate the greatest common divisor of 3 and x.
3
Suppose -144 = -4*y - 4*y. What is the greatest common factor of y and 18?
18
Let f = -16 - -8. Let u be (-10)/(-8) - (-2)/f. Let w(l) = 36*l - 1. Let i be w(u). What is the highest common factor of i and 7?
7
Suppose 69 = 3*u - 3*v, 5*v - 2*v - 57 = -3*u. Suppose u = f - 4*a, -5*a = -5*f - 3*a + 69. What is the greatest common divisor of f and 117?
13
Suppose -3*u = u - 420. What is the highest common divisor of 15 and u?
15
Let r(w) = 25*w - 2. Let n be r(-10). Let q be 2*(3 + n/(-8)). Calculate the greatest common divisor of q and 23.
23
Let y = 47 - 43. Calculate the greatest common divisor of 12 and y.
4
Suppose -z = -36 + 6. Calculate the greatest common factor of z and 120.
30
Suppose -4*i + 72 = -i. Suppose -320 = -2*z + 4*g, 2*g = g + 4. What is the highest common divisor of i and z?
24
Let m(x) = 5*x**2 - x. Let b be m(1). Let y be (9/b)/(12/32). Let g = -20 + 38. What is the greatest common divisor of g and y?
6
Let s = 33 + -21. Let d = -2 + s. What is the greatest common factor of 2 and d?
2
Let d = 5 + -19. Suppose 4*v = -2*x + 6, 2*x - 2*v = -8 - 16. Let o be (-4)/d + (-278)/x. What is the highest common factor of 5 and o?
5
Let a be -2 - (-3)/(3/26). What is the greatest common factor of a and 8?
8
Let o be 0 + 58 + (0 - 1). Suppose -7*k = -3*k - 2*h - 42, -4*k = -5*h - o. Suppose -2*r + 160 = -16. Calculate the greatest common divisor of r and k.
8
Suppose 10 - 1 = 3*b. Let g = 11 - b. Let f(c) = 29*c - 2. Let q be f(2). What is the greatest common divisor of g and q?
8
Let m(z) = z - 10. Let q be m(6). Let l be (6/q)/((-7)/14). What is the greatest common divisor of 27 and l?
3
Let n = 30 - -3. Let y(i) = -i**3 + 9*i**2 - 3*i + 30. Let d be y(9). Calculate the greatest common factor of d and n.
3
Let c be 2 + 13/(13/18). Let s(w) = 2*w**2 - w + 9. Let t be s(7). What is the greatest common factor of c and t?
20
Suppose 11 + 1 = 2*q. Suppose y - 168 = -y. Suppose -y = 4*c - 6*c. Calculate the greatest common divisor of q and c.
6
Let b(l) be the first derivative of -l**3/3 + 9*l**2/2 + 6*l - 2. Let s = 6 - -1. Let r be b(s). Calculate the highest common factor of r and 10.
10
Let g be ((-8)/(-4) - 0) + 1 - -39. Calculate the highest common divisor of 105 and g.
21
Suppose -12*y + 245 + 115 = 0. What is the greatest common factor of y and 20?
10
Let i = 3 + -4. Let k be (1 - i)*26/4. Let r = k + -7. Calculate the greatest common factor of 12 and r.
6
Let y be ((-264)/15 - 0)*-5. What is the greatest common divisor of y and 11?
11
Suppose 5*u - 240 = w + 509, 0 = -u + 4*w + 146. What is the greatest common divisor of u and 6?
6
Suppose -y = 2*y - 30. Calculate the highest common divisor of y and 15.
5
Let y be 717/15 - 2/(-10). Suppose 0 = -2*d - 12 + y. Let s = -5 - -113. What is the greatest common divisor of d and s?
18
Let l = -141 + 159. What is the greatest common factor of 24 and l?
6
Let f be (24/(-28))/((-2)/14). What is the greatest common divisor of 6 and f?
6
Let v be -35*(12/(-5) + 2). Suppose 2*h - 6 = 64. What is the highest common factor of v and h?
7
Let s = 74 - 64. What is the greatest common divisor of 2 and s?
2
Let h = 73 + -41. What is the greatest common factor of 224 and h?
32
Suppose -561 = -4*r + 3*r. What is the greatest common factor of r and 51?
51
Suppose -17*l = -12*l - 450. What is the greatest common divisor of l and 18?
18
Let z = -49 - -27. Let l = 42 + z. What is the highest common factor of 80 and l?
20
Suppose -z + 0 = -3*u + 12, 5*z + 5*u = 40. Calculate the highest common divisor of 96 and z.
3
Let g(x) = x**2 - x. Let r be g(-7). What is the highest common divisor of 16 and r?
8
Suppose 4*r + x - 2*x - 116 = 0, -96 = -3*r + 3*x. Suppose n + 3*n = r. Calculate the highest common divisor of n and 1.
1
Let f(i) = i**3 - 3*i + 3. Let d be f(2). Let w(x) = 3*x**2 + 14*x + 31. Let a be w(-6). Calculate the greatest common divisor of a and d.
5
Let t be 935/10 - 4/8. What is the greatest common divisor of t and 62?
31
Suppose -22 = -2*s - 4. Let a = 264 + 331. Suppose -a + 190 = -5*n. What is the greatest common factor of s and n?
9
Let s = -3 + 8. What is the greatest common factor of 15 and s?
5
Let c(j) = -2*j**3 - 2*j**2 - j + 1. Let m be c(-5). Suppose b + b = -m. Let a be (-2)/(-3) - b/3. Calculate the highest common divisor of a and 7.
7
Let v(s) = -s**2 - 9*s - 7. Let n be v(-6). Suppose 0 = 24*p - 10*p - 154. What is the highest common factor of p and n?
11
Suppose -7*v = -5*q - 2*v + 5, -3*v - 1 = -q. Suppose -2*y = 4*k - 22, 0*y - 5*k = 5*y - 50. What is the greatest common divisor of q and y?
1
Let q = 9 - 7. Let s = 12 + -20. Let r = q - s. What is the greatest common factor of r and 2?
2
Let x = 26 + -16. Let m be 9/6*x/3. What is the greatest common divisor of 15 and m?
5
Suppose 36*m = 41*m - 100. Calculate the greatest common divisor of m and 5.
5
Let k(j) = j**2 - 11*j + 15. Let c = 5 - 5. Let r be c + (-30)/(1*-3). Let t be k(r). Calculate the highest common factor of t and 35.
5
Suppose q - 8 = 4*l, 3*q + 5*l - 8 = 2*q. Suppose o + 4*n + 19 = 0, 4*o + 1 - 25 = 4*n. Calculate the highest common factor of q and o.
1
Let s be (-2)/((-2)/1)*0. Let u = 11 + s. Let h(f) = 11*f**2 + 3*f - 2. Let x be h(-3). What is the highest common divisor of x and u?
11
Let z be (24/(-9) + 3)*9. Suppose k + 2 = 3*o, 0 = 4*k + 4*o - 5 - 3. What is the highest common divisor of z and k?
1
Let u be 2 + 35 + 0 + -2. Suppose -15 = -3*y - 4*q, 4*q + 0 = 2*y - 10. Let l be 13 - -1 - 0/y. Calculate the highest common factor of u and l.
7
Let u = 9 - 0. What is the greatest common factor of 3 and u?
3
Suppose -3*u = -4*k - 196, -3*u + 5*k + 